ulate the remainder when 750 is divided by q.
12
Let n = -199 + 196. What is the remainder when 2*(534/12 + n) is divided by 14?
13
Let f(a) = -18*a**3 - 12*a - 7. What is the remainder when 8208 is divided by f(-2)?
158
Let l(h) = -2*h + 19. Let p be l(9). Let g(v) = 2*v + 2 + 13*v**2 - 4*v + 0*v + 0*v. What is the remainder when 63 is divided by g(p)?
11
Let c(a) be the first derivative of -31*a**2/2 - 1. What is the remainder when c(-2) is divided by (36/(-3))/(-2*51/136)?
14
Suppose 34*i - 58*i - 48 = 0. What is the remainder when -1*(-43)/i*(-36 - -30) is divided by 12?
9
Let v be 141/(9/3) + -2. Let l = v + -42. What is the remainder when 34 is divided by (-6)/(90/(-85)) + 1/l?
4
Suppose 0 = -4*s + 25*c - 45*c + 628, 5*s - 3*c = 561. Calculate the remainder when 120 is divided by s.
3
Let t = 1535 - 1515. Suppose a = -a + 396. What is the remainder when a is divided by t?
18
Let w = 94 - 366. Let c = w + 300. What is the remainder when 78 is divided by c?
22
Suppose 3*q - 6 = -5*c + 91, -4*q + c = -137. Suppose 3*u + 1632 = 3*r, -1592 = 3*u - 0*u + 5*r. Calculate the remainder when u/(-22)*(5 - 1) is divided by q.
30
Suppose -2*t + 16 = -0*t. Suppose 10*g - 50*g = 0. Suppose -4*c + c - 4*o = -49, -4*c + o + 78 = g. Calculate the remainder when c is divided by t.
3
Let h = -4965 - -5790. Calculate the remainder when h is divided by 70.
55
Let s be (-328)/(-41) - 3*-24. Suppose a = -3*d + 40, -s = -2*a + 32*d - 30*d. Calculate the remainder when a is divided by 9.
4
Suppose s + 5 = 27. Let t(v) = v**2 + 3*v + 2. Let l be t(-5). Suppose 0 = l*x - 2 - 70. What is the remainder when s is divided by x?
4
Let p(v) = v**3 + 5*v**2 + 6. Let j be p(-5). Let w = 2312 + -2309. Suppose 3*k - j = 0, 2*k = -w*d + k + 86. What is the remainder when 54 is divided by d?
26
Suppose -858 + 165 = -5*o - 4*r, -o - 4*r = -129. What is the remainder when o is divided by 26?
11
Let m = -7260 - -7601. Let g be 3/(-6) + 218/4. Suppose -5*y + g = -m. Calculate the remainder when y is divided by 21.
16
Let m(l) = l**2 + 16*l + 13. Suppose -5*o = 2*x - 46, 3*o + 68 = 4*x + o. Calculate the remainder when m(-18) is divided by x.
13
Let u be (291/(-4))/(9/(-12)). Suppose 0 = -4*h + 27 + u. Calculate the remainder when 178 is divided by h.
23
What is the remainder when 8637 is divided by 3/(-3) + 331 + (-95 - -85)?
317
Let u = 125 + -68. Suppose 0 = 5*q - u - 498. Let o = -67628 - -67656. What is the remainder when q is divided by o?
27
Let o(k) = -14*k - 1. Suppose 102 - 90 = -6*w. What is the remainder when (-105)/(w - 4/(-4)) is divided by o(-2)?
24
Suppose -l + 6*l - 30 = -5*f, -26 = -3*f - 5*l. Let h(r) = 19*r - 21*r + 7*r**2 + 9*r**f + 1. Calculate the remainder when h(-2) is divided by 35.
34
Suppose 2*f + 3*r - 458 = 0, 5*f - 2*r = 3*r + 1145. Let t = f + -214. Calculate the remainder when (-1 - -2)*(-82)/(-2) is divided by t.
11
Let w(a) = 56*a**2 - 8*a + 23. Let j be w(3). Suppose 766 = 27*k - j. What is the remainder when k is divided by 17?
13
Let s(u) = -27*u - 1. What is the remainder when 91 + 20/(40/6) is divided by s(-1)?
16
Suppose 5*c - 83 = 3*g, 4*c - 75 + 15 = -4*g. Calculate the remainder when 567 is divided by c.
7
Let s = -76 - -76. Suppose 2*b + 6*p - 8*p - 32 = s, -p = 4*b - 64. Calculate the remainder when 108 is divided by b.
12
Suppose -15*r - 6 = -531. Let u = r - 14. Calculate the remainder when 70 is divided by u.
7
Let f(v) = -3*v - 10. Let l(y) = y - 1. Let b(m) = f(m) + 4*l(m). Calculate the remainder when b(23) is divided by 3.
0
Suppose -7*y + 2*y + 566 = -3*y. Calculate the remainder when y is divided by 96.
91
Let h(p) = -p**3 + 46*p**2 - 516*p + 94. Let x be h(27). Let n(r) = -16 - 2*r + r + 42. What is the remainder when n(x) is divided by 7?
6
Let m(u) = -u**3 - u**2 - u. Let s be m(-2). Suppose 21*j - 3088 = -275 + 1345. What is the remainder when j is divided by (20/s)/(4/60)?
48
Let p be (3/(-6))/(2/(-20)). Suppose -5*m + p = 0, u = -m - 6 + 291. Calculate the remainder when u is divided by 41.
38
Let n(t) = t**2 + 4*t - 3. Let q be n(-5). Let b be ((-24)/32)/(q/(-120)). Let m = b - 27. Calculate the remainder when 52 is divided by m.
16
Let r(q) = q**3 + 38*q**2 - 208*q - 11. What is the remainder when 19364 is divided by r(5)?
20
Let k = 112 + 57. Let v = k + -119. What is the remainder when 245 is divided by v?
45
Calculate the remainder when 2056 is divided by (19/(-7) + 42/147)/((-4)/28).
16
What is the remainder when ((-6)/10)/((-621)/30015) is divided by (-49)/(-3) + (-6)/(-9)?
12
Let i = -92 - -94. What is the remainder when i/((-6)/(-63)*2)*10 is divided by 31?
12
Suppose 295 = 3*d - 4*b, -2*d - 5*b - 344 = -510. Calculate the remainder when d is divided by 5.
3
Suppose -4541 = 16*d - 35*d. What is the remainder when d is divided by 33?
8
Let h(c) be the third derivative of c**6/40 - c**5/12 + c**4/12 + c**3 + 42*c**2. Calculate the remainder when h(3) is divided by 10.
8
Suppose 0 = 2*q - 2, 0*m + 2*m - 5*q - 27 = 0. What is the remainder when 4*((-228)/(-624))/(-19) + 1302/26 is divided by m?
2
Suppose 33 = a + 2*a. Let b = a + 2. Suppose -3*u + 11244 = 11052. Calculate the remainder when u is divided by b.
12
Suppose 1768 = 4*g + 5*w, 3*g - 59 - 1267 = -w. Suppose -16*t + 1190 = -g. Calculate the remainder when t is divided by 25.
2
Let q(c) = 3*c**2 - 6*c - 1. Suppose -30*y = 38*y - 11*y. Suppose 62 = 2*u - y*u + 2*o, 2*u - 4*o - 38 = 0. Calculate the remainder when q(-5) is divided by u.
23
Let j = -19 + 17. Let q(n) = -n**3 + 17*n**2 + 4*n - 32. What is the remainder when q(17) is divided by (-29)/j - 12/8?
10
Let d(v) = -2*v**3 + 66*v**2 + 58*v + 472. Calculate the remainder when 3297 is divided by d(34).
129
Suppose v = 4*q + 933, 2*q = -485*v + 482*v + 2757. Calculate the remainder when v is divided by 24.
9
Let p = -5563 + 5603. What is the remainder when 2443 is divided by p?
3
Let g = 1656 + -1640. Calculate the remainder when 105 is divided by g.
9
Let u(j) = 7*j + 13. Let a(c) = 5*c + 8. Let m(n) = 4*a(n) - 3*u(n). What is the remainder when 182 is divided by m(-12)?
2
Let z(v) = -2*v**3 - 5*v**2 - 6*v - 7. Calculate the remainder when z(-5) is divided by ((-19)/(-1))/(3560/80 - 44).
34
Suppose 3*p - 27 = -0*p. Suppose 3 = 4*q + 4*i - 77, 0 = -2*q - 5*i + 55. What is the remainder when q is divided by p?
6
Let j(b) be the second derivative of -b**5/20 - 5*b**4/3 - 19*b**3/6 + 41*b**2 - 6*b + 1. What is the remainder when j(-19) is divided by 24?
10
Suppose -430*x + 842*x - 427*x = -22350. Calculate the remainder when x is divided by 115.
110
Suppose 0 = 3*o + 31*i - 28*i - 1710, -i - 564 = -o. Calculate the remainder when o is divided by 142.
141
Suppose -5*w + 70 = -d, -7 = w - 2*d - 12. Let m = -1 + 134. What is the remainder when m is divided by w?
13
Let f = -257 + 399. Let v = f + 3. Calculate the remainder when v is divided by 74.
71
Let d be (2 - 0)/((-5)/(-40))*1. Let g be (-21)/14*d/(-6). What is the remainder when 85 is divided by g/16 - 155/(-20)?
5
Let d(x) = -x**3 + 3*x**2 + x - 1. Suppose -4*p + 8 = -6*p. Let j be (1 + p - -4)/(2/4). What is the remainder when 32 is divided by d(j)?
2
Suppose 4*a + 7*a - 33 = 0. Calculate the remainder when (-15)/a + 0 + 154 is divided by 4*2/(12/75).
49
Suppose -3*c - 15 = 2*k, 2*k - c = -5*c - 20. Suppose k = -8*a + a + 574. Calculate the remainder when a is divided by (-252)/(-45)*(-15)/(-2).
40
What is the remainder when 220 is divided by ((-4370)/184 - -29) + (1 - (-5)/(-4))?
0
Let v(a) = 2*a - 16. Let k be v(13). What is the remainder when (36/k)/((-7)/(-35)) is divided by (-49)/(-14)*4/7?
0
Suppose -5*p + 4*h = -17, 2*h + 41 - 50 = -p. Suppose 4*q = 2*q + 98. Calculate the remainder when q is divided by p.
4
Let f(p) = -64*p + 49. Let y(k) = -96*k + 73. Let a(t) = 7*f(t) - 5*y(t). Calculate the remainder when 39 is divided by a(1).
9
Let h(g) = 2*g**2 + 7*g + 81. Let v be h(-17). Let d = -424 + v. What is the remainder when d is divided by 21?
11
Suppose 6*o = -9*o + 90. Suppose 0 = 2*n - 4 - 0. Suppose 0 = -q + n - 0. What is the remainder when o is divided by q?
0
Calculate the remainder when 2/(-7) - (35624/(-28) - -13) is divided by 209.
5
Suppose -4*s - b = -1442, b = -5*s - 3*b + 1797. Suppose -s = -3*m - 5*f, -3*m - 6*f + 359 = -2*f. Wha